factors of g.
3
Let u = -6 - -13. Suppose 0 = u*q - 509 + 82. What are the prime factors of q?
61
Suppose -106*o = -108*o + 5*h + 5427, 5*o - 13617 = -4*h. List the prime factors of o.
3, 907
List the prime factors of -8*11/836 - 21947/(-19).
3, 5, 7, 11
Let a be ((-6)/(-8))/((-2)/(-744)). Suppose -4*w - a = -7*w. What are the prime factors of w?
3, 31
Let r be (-612)/(-14) - (-2)/7. Let u = -13 + r. List the prime factors of u.
31
Suppose 5*k = 3*k + 434. Suppose 221 = -2*h + 5*h + 2*v, 3*h - k = 2*v. Suppose -f - 13 = -h. What are the prime factors of f?
2, 3, 5
Let z = -1 + -2. Let i be (1 + z)*10/4. List the prime factors of 20/3*(-12)/i.
2
Let h = -51 - -12. Let z = 73 - h. Suppose 0*y = 4*d - y - z, 0 = -y. List the prime factors of d.
2, 7
Let j = -49 - -181. What are the prime factors of j?
2, 3, 11
Let t = -5 - -8. Suppose -t*i + 10 = -5. Suppose 0 = -4*h + 3*f + 2*f + 79, -2*h + 37 = -i*f. What are the prime factors of h?
3, 7
Let t be 106/10 + (-3)/5. Suppose 0 = -5*v - t. List the prime factors of (-28)/v + (0 - -3).
17
Suppose 0 = 5*c + 2*u - 3520 - 4915, -5*c - u = -8440. What are the prime factors of c?
3, 563
Suppose 0 = 32*k - 7729 - 4111. List the prime factors of k.
2, 5, 37
Let v(h) = -h**3 + 5*h**2 + h - 2. Let r be v(5). Suppose 0 = -r*m + 128 + 307. List the prime factors of m.
5, 29
Let g = 44 - -58. List the prime factors of g.
2, 3, 17
Suppose -8*j + 232 = -6*j. What are the prime factors of j?
2, 29
Suppose 4*s - 10 = 10. Let d be (-5 + s)/(0 - 3). Suppose 10*z - 5*z + 10 = d, 0 = 5*l + 3*z - 19. What are the prime factors of l?
5
List the prime factors of (-33)/55 + (-10269)/(-15).
2, 3, 19
Suppose 29*j = 49655 - 7692. What are the prime factors of j?
1447
Suppose -4062 = -4*s - 3*v, -s + 4*v + 957 = -49. What are the prime factors of s?
2, 3, 13
Suppose -2*n = -2*x + 40, n + 5*x = 4*n + 64. Let l = 47 + -77. Let m = n - l. List the prime factors of m.
2, 3
Let h(p) = 6*p + p - 3 + p**2 - 2. Let s be h(-8). Let i(q) = 8*q**2 + 2*q + 1. List the prime factors of i(s).
79
Let n(q) = q**3 + 7*q**2 - 2*q - 7. Let f(j) = -j**2 - 2*j - 7. Let b be f(0). Let m be n(b). What are the prime factors of 7 - m - 44/(-1)?
2, 11
Suppose -6*k + 13*k = 161. Let g = k - -7. What are the prime factors of g?
2, 3, 5
List the prime factors of ((-602)/(-483) + (-10)/(-115))*3228.
2, 269
Let g = -26 - -18. Let x(o) = o**2 + 10*o - 8. Let p be x(g). List the prime factors of (9/4)/((-3)/p).
2, 3
Let u(q) = 66*q**2 - 9*q + 9. What are the prime factors of u(3)?
2, 3
Let b be (-924)/(-180) + (-2)/15. Suppose b*f + c - 423 = 0, -3*f + 0*c + 237 = -5*c. List the prime factors of f.
2, 3, 7
Suppose -881 = -5*n + 4*n. List the prime factors of n.
881
Let t(i) = -3*i**2 - 4*i - 21. Let p be t(-3). Let o = p + 104. List the prime factors of o.
2, 17
Let o be (-5)/(-2)*78/65. Suppose -2*t = o*t - 25. Suppose 37 - 7 = t*w. What are the prime factors of w?
2, 3
Let p(d) = -72*d**2 + 3. Let u(o) = o**2 - 1. Let g(a) = -p(a) - 2*u(a). List the prime factors of g(1).
3, 23
Suppose -4*a - 2*k + 15520 = 0, -11629 = -3*a - 101*k + 105*k. List the prime factors of a.
3, 431
Let i = 208 + -11. What are the prime factors of i?
197
Let f = -9 - 12. Let z = 33 + f. What are the prime factors of z?
2, 3
Let k be (30/(-4))/(1/2). Let h = k - -15. Suppose h = -a + 23 + 2. What are the prime factors of a?
5
Suppose -3*l + 3*q - 24 = 0, 10 = -4*l - q - 32. What are the prime factors of 260 + (-2 + l)/4?
257
Suppose -2*v - 4*p = -3532, -2023 = -2*v + 5*p + 1491. List the prime factors of v.
2, 881
Let k be 4/10*-123*10. What are the prime factors of 1/(-5) + (k/15)/(-4)?
2
Let q(k) = -2*k. Let a be q(-2). Suppose g = 5*u + 23, 3*g + 0*u = -a*u - 7. Suppose 3 + 15 = g*p. What are the prime factors of p?
2, 3
Let i(o) = -153*o + 8. Let t be i(-8). What are the prime factors of 8/20 + t/20?
2, 31
Suppose 0 = -5*a - 25, 2*a + 516 = 3*r + 86. List the prime factors of r.
2, 5, 7
List the prime factors of 152/2 + 13/(65/(-10)).
2, 37
Let j = -5 + 9. Suppose 0 = -4*x - 34 - 2. What are the prime factors of x/(-36) + 107/j?
3
List the prime factors of 10/(-15) - ((-1223)/3 - 3).
2, 5, 41
Suppose -8 = 3*y - 2*y. List the prime factors of 892/7 + (y/7)/(-2).
2
Suppose -125 - 83 = -4*b. Let r = b - -5. List the prime factors of r.
3, 19
Let r(o) = 160*o**2 + o - 5. Let v(y) = -1. Let x(d) = r(d) - 6*v(d). Let s be x(-1). Suppose -5*m - s = -10*m. What are the prime factors of m?
2
Let x be 3 - 3/(-4 - -1). Suppose -2*a + 304 = 4*n - 4*a, -4*n - x*a = -316. What are the prime factors of n?
7, 11
List the prime factors of 1/(-7) - 1835/(-7).
2, 131
Let f = 85 + 69. Suppose 5*j - 71 = f. What are the prime factors of j?
3, 5
Let f(o) = -o**3 + o**2 + 28*o + 118. List the prime factors of f(-6).
2, 101
Suppose 0 = -0*t + t - 5. Suppose -3*f + 2*f = -3, -t*f = 5*o - 50. Suppose o = g - 4. List the prime factors of g.
11
Let w(v) = v**2 - v + 1. Let b be w(1). Let t be ((-7)/(-4))/(b/4). Suppose -5*q + h = -120, t*q - 2*q + 3*h - 100 = 0. List the prime factors of q.
23
Let w(z) be the second derivative of -z**5/20 + 5*z**4/6 + z**3 - 4*z**2 - 22*z. What are the prime factors of w(9)?
127
Suppose 3*o = 5*x - 789, 42*o - 626 = -4*x + 47*o. List the prime factors of x.
3, 53
Let l = -14 + 23. Let q = -7 + l. Suppose 1 = j, x + 4*x = q*j + 98. What are the prime factors of x?
2, 5
Let u be (1 + -5)/(5/(-870)). Let y be u/14 + (-10)/(-35). Let n = y + -22. List the prime factors of n.
2, 7
Suppose -11*u + 113 + 514 = 0. Suppose a - u = -43. List the prime factors of a.
2, 7
Suppose 9*q - 1456 - 209 = 0. List the prime factors of q.
5, 37
Suppose -4*w = 3*a + 40, 2*a - 3*w + 24 = -7*w. Let l = a + 20. List the prime factors of l/10 + 238/5.
2, 3
Let a(n) be the third derivative of -1/24*n**4 + 0 + 4*n**3 + 0*n + 5*n**2. List the prime factors of a(14).
2, 5
Suppose 2*a - 3*a + 4 = 0. Suppose 16 = -a*s, -3*u + 281 = 2*s - s. List the prime factors of u.
5, 19
Let r(a) = -a**3 - 8*a**2 + 6*a + 3. List the prime factors of r(-12).
3, 13
Let f = -20 + 94. Let z = -16 + f. What are the prime factors of z?
2, 29
Let s = 65 + -58. Suppose s*c + 2*c = 1134. List the prime factors of c.
2, 3, 7
Let p(j) = j**3 - 7*j**2 - 4*j - 7. Suppose -15 = -3*g + 57. Suppose -o - 2*o = -g. What are the prime factors of p(o)?
5
Let n(o) = -o**3 + 3*o**2. Let r be n(2). Suppose r*t + 15 + 17 = 0. List the prime factors of t/40 - (-312)/10.
31
Let d(n) = -n**3 - 9*n**2 + 12*n + 1. Let m(f) = -f**3 - 10*f**2 + 13*f + 2. Let y = 5 + -2. Let v(j) = y*m(j) - 4*d(j). What are the prime factors of v(-7)?
2
Let m = 100 - 58. Suppose -10 = 2*v - m. Let l = v + -10. List the prime factors of l.
2, 3
Suppose -6*j - 17 = -221. Let i = j + -31. What are the prime factors of i?
3
What are the prime factors of 6 + 2/5 + (-152256)/(-60)?
2, 3, 53
Suppose 5*c - 2*d = 581 + 5141, -3*d + 12 = 0. What are the prime factors of c?
2, 3, 191
Suppose 4635 = 5*u + 5*r, -1850 = -3*u + u - 4*r. What are the prime factors of u?
929
Let b(n) = n**3 - 16*n**2 + 10*n - 7. Let t be b(13). What are the prime factors of (t/(-30))/(8/20)?
2
Suppose v + 52 = 5*v. Let n = -8 + v. Suppose 2*w + n*h = 5, 3*h = -h - 4. List the prime factors of w.
5
Suppose 0 = 28*g - 1694 - 994. List the prime factors of g.
2, 3
Let j(t) = t**3 - 11*t**2 + 6*t + 12. Let q be j(9). Let a be (q/36)/(2/(-168)). Suppose -5*n - 79 = -a. What are the prime factors of n?
29
Let r be -4 + 1 - ((6 - 2) + -14). List the prime factors of (-159)/(-2)*(-8)/(-28)*r.
3, 53
Let x(z) = -3*z**3 + z**2 + 3*z + 2. Let u be x(-2). Suppose -u + 6 = -q. Suppose 0 = -a + 3 + q. What are the prime factors of a?
3, 7
Suppose -2*c = 3*h - 8*h - 28, -5*c = 3*h - 8. Suppose -5*w = -c*o - 345, -69 = -w - 0*o - o. List the prime factors of w.
3, 23
Suppose 7*x - 4*x = 150. Let t = 111 - x. What are the prime factors of t?
61
Suppose 2*u = 3*w + 458, 4*w = 2*u - 0*w - 458. Let i = 480 - u. What are the prime factors of i?
251
Suppose -3*o - 2*o + 585 = 0. Let t = 168 - o. What are the prime factors of t?
3, 17
Let r(c) = 4*c**3 - 7*c**2 + 4*c + 2. Let d be r(5). Let t = d + -246. What are the prime factors of t?
101
Let j(z) = z**3 - 2*z**2 - 9*z + 2. Let t be j(6). Suppose 3*d + t = 2*s - s, 